he remainder when n is divided by 45?
40
Suppose 5*c + 3*w - 1484 = 0, 0 = -3*c - 51*w + 52*w + 882. What is the remainder when c is divided by 38?
29
Let x be (-150)/(-9)*78/13. Suppose 0 = 8*l + 84 - x. Let h = 15 - 8. Calculate the remainder when h is divided by l.
1
Suppose -4*y = 2*m - 291 + 193, 5*m + 5*y = 240. What is the remainder when 2325 is divided by m?
22
Let k = 118 + -80. Suppose -18*a = -36*a + 360. What is the remainder when k is divided by a?
18
Let p = 515 + -328. Let g = -152 + p. Let w(c) = 3*c - 9. Calculate the remainder when g is divided by w(8).
5
Let o(r) = -r - 4. Let k(m) = -25*m - 28. Let u be k(-4). Let l = 80 - u. What is the remainder when l is divided by o(-7)?
2
Let b = -39 - -75. Let k = b + -15. Suppose -6946 = 193*s - 38598. What is the remainder when s is divided by k?
17
Let t(j) = 14*j - 839. Calculate the remainder when 94 is divided by t(64).
37
Let l(u) = 4 + 7 - 2 - 4*u - 1. Let c = 64 - 33. Calculate the remainder when c is divided by l(0).
7
Suppose -v + 3*n + 1415 = 0, -4*v - 403*n = -401*n - 5660. What is the remainder when v is divided by 242?
205
Let d = -10842 - -11471. What is the remainder when d is divided by 70?
69
Calculate the remainder when ((-10)/(-165)*-11)/(3/(-4275)) is divided by 68.
66
Let n = -4365 - -6135. What is the remainder when n is divided by 881?
8
Suppose 0 = 10*d + 2*d + 18*d - 2490. What is the remainder when 355 is divided by d?
23
Let t be -3 + (1 - (5 - 7)). Suppose 3*v - 193 = -3*z - z, 5*v - 2*z - 339 = t. Let g = -36 + v. What is the remainder when 183 is divided by g?
28
Let u(d) = -43*d + 25. Let v be ((-24)/36 + (-2)/(-3))/(-1). Calculate the remainder when 83 is divided by u(v).
8
Let g = -632 - -645. Suppose -g*j + 342 = -7*j. What is the remainder when 190 is divided by j?
19
What is the remainder when (12692/3)/((-376)/(-282)) is divided by 69?
68
Let w(k) = 19*k - 85. Let r be w(4). Calculate the remainder when 155 is divided by -4 - (-34)/(21/r - -3).
14
Let h(z) = 2*z**2 + 5*z - 1. Let f(i) = i**2 + 4*i. Let v(q) = 4*f(q) - 3*h(q). Let c be v(5). Let t = c - -51. What is the remainder when 21 is divided by t?
3
Let x(p) = 257*p + 322. What is the remainder when x(0) is divided by 87?
61
Suppose 10037 = 43*y - 19762. What is the remainder when 715 is divided by y?
22
Calculate the remainder when 3/39 - 167920/(-520) is divided by 6/(-9)*(2 + 237/(-6)).
23
Suppose -38*h + 41*h = 5*j - 19, j + 76 = 12*h. Calculate the remainder when 18111 is divided by j.
7
Let d = -91 - -93. Suppose -4*x = 5*p - 163, -17 = -d*x - 2*p + 67. Let s = -9 - -15. Calculate the remainder when x is divided by s.
5
Suppose 5*p = -p + 36. Calculate the remainder when 4/5*(2 + 2493/p) is divided by 28.
26
Let d = -9210 + 9227. Let w(h) = -3 + 6 - 56*h + 9*h - 4. What is the remainder when w(-1) is divided by d?
12
Let i(g) = -22*g - 2. Suppose -2*w - 5*v + 62 = 0, 0 = -5*w - 0*v + 5*v + 190. Suppose -81*s + 90*s = w. Calculate the remainder when i(-4) is divided by s.
2
Let i(c) = -11*c**2 - 2*c. Suppose 0 = -3*x + 8*x + 10. Let t be i(x). Let h = -10 - t. Calculate the remainder when h is divided by 19.
11
Suppose -2*w - 16 = 0, 346 = 2*y + 36*w - 33*w. What is the remainder when 2029 is divided by y?
179
Suppose 13*p + 10970 = 2975. Let u = p + 619. Let w = 2 - -2. Calculate the remainder when u is divided by w.
0
Suppose 3*z = -3*n + 495, -2*z - 127*n = -122*n - 306. Calculate the remainder when z is divided by 142.
31
Let s be 0 + (-2)/12 + (-93)/(-18). Suppose -4*n + s = -15. Suppose 5*r - 65 = -v, 52 = 4*r - 0*v - n*v. Calculate the remainder when 50 is divided by r.
11
Suppose 20*g + 5*g = 0. Suppose 4*c + s + 58 - 232 = g, -4*c + 3*s = -166. Calculate the remainder when 75 is divided by c.
32
Let d(p) = p**2 + 4*p - 79. Suppose 3*q - 5*q - 26 = 0. Let z(h) = 74*h + 1. Calculate the remainder when z(1) is divided by d(q).
37
Calculate the remainder when 8824 - (5 + (-4 + 0 - -6)) is divided by 84.
81
Calculate the remainder when -8 - -13*(-125)/(-1) is divided by 45.
42
Let p = 6066 + -6053. What is the remainder when 636 + -1 + -3 + 4 is divided by p?
12
Let w = -2128 + 2144. Calculate the remainder when 2446 is divided by w.
14
Let y(z) = -3*z - 138. What is the remainder when 236 is divided by y(-48)?
2
Let a be (60/45)/((-3)/(-9)). Suppose 0 = -4*s + a*r - 3*r + 506, 0 = -2*r + 4. What is the remainder when s is divided by 16?
15
Let i = 7 + 121. Let o = -25 - -39. Suppose o*g - i = 10*g. Calculate the remainder when g is divided by 11.
10
Suppose -7*m + 17*m = 0. Suppose m = 24*a - 173 + 29. Calculate the remainder when 11 is divided by a.
5
Calculate the remainder when (-171 - 0)/(-1*(-19)/(-38)) is divided by 14.
6
Let w = -40 - -54. Let a be -5 + 66/w - (-32)/14. What is the remainder when 40 is divided by (-3)/(a/(-28)*3)?
12
Let t be (60/18)/((-22)/4389). Let f = t + 698. Calculate the remainder when 179 is divided by f.
14
What is the remainder when 1114 is divided by ((-39)/(-9) - 4)*(29 - (-66)/(-6))?
4
Suppose 0 = -3*f + 50 + 41 + 1049. What is the remainder when 383 is divided by f?
3
Suppose 5*f - 40 = t - 135, -3*f + 55 = t. Calculate the remainder when 3008 is divided by t.
68
Suppose -299*p + 261013 = -285*p + 50887. Calculate the remainder when p is divided by 33.
27
Suppose 5*i = 5*d - 3*d - 38, 3*i = 6. Suppose 17*k = d*k - 49. Calculate the remainder when 46 is divided by k.
4
Let d = -46 + 56. What is the remainder when 283 is divided by 37 + -9 + (4 - d)?
19
Let t(p) = 4*p**2 - p + 3. Let r(k) = 13*k**2 + 6*k. Let o be r(-3). Let n = -86 + o. Calculate the remainder when t(3) is divided by n.
10
Suppose 846 = x + 2*b + 283, 3*x = 2*b + 1697. Calculate the remainder when x is divided by 21.
19
Let a = -29015 + 29141. Calculate the remainder when 8183 is divided by a.
119
Suppose -14391 = -53*d + 43326. Calculate the remainder when 1154 is divided by (d/(-33))/(-2 + 14/10).
54
Let m = -8679 + 8754. Calculate the remainder when 296 is divided by m.
71
Suppose 5639 - 17203 = -17*s + 9975. What is the remainder when s is divided by 219?
172
Suppose 60*j - 62*j = -k - 24, -5*k = -30. Let w = 3 - 13. Calculate the remainder when j is divided by (-4)/w + 48/5.
5
Suppose 4*n - 3*o + 0*o - 20 = 0, -22 = -3*n + 4*o. Suppose 12 = 2*j + n*j. Suppose -15 - j = -3*r. What is the remainder when 28 is divided by r?
4
Calculate the remainder when ((-12053)/(-2) + 1)*((-6580)/175 - -38) is divided by 10.
1
Suppose -2*k - 3*l + 22 = 0, 0 = 2*k + l - 14 - 8. Suppose -19*b + k = -18*b. Calculate the remainder when b is divided by 7.
4
Let u be 35 - 37 - (-108)/(-2). Let c = u - -102. What is the remainder when c is divided by 25?
21
Suppose 2*t - 58 = -2*x, 2074*x + 7 = -t + 2079*x. What is the remainder when 150 is divided by t?
12
Let f(n) = 6*n**2 - 515*n - 7464. What is the remainder when f(-13) is divided by (57/6)/(1/2)?
17
Let m(j) = -5*j**3 + j**2 + 4*j - 5. Let k be m(2). Let i = -32 - k. Suppose 2*g - 28 = s, 5*s = -3*g - i + 43. Calculate the remainder when 55 is divided by g.
13
Let g(j) = -j + 1. Let h be g(4). Let t(i) = -i**3 + i**2 + i + 1. What is the remainder when -6 + 63 - (39 + -4)/(-5) is divided by t(h)?
30
Let a = 202 - 96. Let i = -27 + a. What is the remainder when i is divided by 17?
11
Let b = -112 - -115. Let o be (2*b)/(12/(-8)) + 132. Suppose -o = 5*r - y - 458, -5*y + 66 = r. What is the remainder when r is divided by 10?
6
Suppose -5*y + 22 = 7. Suppose 386 = -y*f + 2*x, 5*x - 3*x - 514 = 4*f. Let z = -71 - f. Calculate the remainder when 340 is divided by z.
55
Let k = 68 - 38. Let t = 39908 + -39853. What is the remainder when t is divided by k?
25
Let p be ((9 - 16) + 2)*(-26)/10. Suppose -23*x = -p*x - 20. Let n(y) = y**3 - 2*y**2 - y - 3. Calculate the remainder when n(3) is divided by x.
1
Suppose 3*z + 0*h + 25 = 2*h, z - 3*h + 13 = 0. Let v(r) = -r**3 - 6*r**2 - 10*r + 2. Calculate the remainder when v(z) is divided by 64.
57
Let f(l) = -3*l**2 - 32*l - 73. Calculate the remainder when 5399 is divided by f(-6).
9
Let a(b) = -11*b - 268. Let t be a(-32). What is the remainder when ((-8)/(-12))/((-1)/(-3)) + t is divided by 19?
10
Let u = 139 + -134. Suppose -3*h = 2*p - 44, -u*h + p + 47 + 9 = 0. What is the remainder when 47 i